mainder when 497 is divided by 101.
93
Calculate the remainder when 853 is divided by 121.
6
Calculate the remainder when 103 is divided by 15.
13
What is the remainder when 19284 is divided by 133?
132
Calculate the remainder when 1287 is divided by 215.
212
Calculate the remainder when 169 is divided by 7.
1
Calculate the remainder when 247 is divided by 39.
13
What is the remainder when 895 is divided by 182?
167
Calculate the remainder when 741 is divided by 27.
12
What is the remainder when 418 is divided by 17?
10
Calculate the remainder when 127 is divided by 5.
2
Calculate the remainder when 317 is divided by 113.
91
Calculate the remainder when 603 is divided by 34.
25
Calculate the remainder when 3134 is divided by 56.
54
What is the remainder when 1104 is divided by 221?
220
What is the remainder when 17349 is divided by 18?
15
What is the remainder when 288 is divided by 42?
36
What is the remainder when 144 is divided by 87?
57
What is the remainder when 220 is divided by 48?
28
Calculate the remainder when 335 is divided by 23.
13
What is the remainder when 159 is divided by 19?
7
What is the remainder when 873 is divided by 44?
37
What is the remainder when 110 is divided by 13?
6
What is the remainder when 861 is divided by 286?
3
What is the remainder when 32 is divided by 5?
2
What is the remainder when 20 is divided by 6?
2
What is the remainder when 717 is divided by 9?
6
What is the remainder when 333 is divided by 51?
27
What is the remainder when 542 is divided by 16?
14
What is the remainder when 74 is divided by 11?
8
Calculate the remainder when 1130 is divided by 14.
10
Calculate the remainder when 129 is divided by 26.
25
What is the remainder when 637 is divided by 137?
89
Calculate the remainder when 29 is divided by 6.
5
What is the remainder when 27002 is divided by 157?
155
What is the remainder when 1693 is divided by 100?
93
Calculate the remainder when 18 is divided by 11.
7
Calculate the remainder when 1298 is divided by 320.
18
What is the remainder when 18 is divided by 2?
0
Calculate the remainder when 987 is divided by 19.
18
Calculate the remainder when 842 is divided by 11.
6
What is the remainder when 3359 is divided by 558?
11
Calculate the remainder when 28482 is divided by 135.
132
Calculate the remainder when 2089 is divided by 17.
15
What is the remainder when 239 is divided by 6?
5
Calculate the remainder when 2565 is divided by 33.
24
What is the remainder when 3150 is divided by 16?
14
What is the remainder when 2811 is divided by 10?
1
What is the remainder when 214 is divided by 7?
4
Calculate the remainder when 111 is divided by 23.
19
What is the remainder when 94 is divided by 47?
0
What is the remainder when 134 is divided by 17?
15
What is the remainder when 1788 is divided by 180?
168
Calculate the remainder when 111 is divided by 11.
1
Calculate the remainder when 337 is divided by 94.
55
What is the remainder when 1091 is divided by 272?
3
What is the remainder when 487 is divided by 61?
60
Calculate the remainder when 95 is divided by 52.
43
Calculate the remainder when 656 is divided by 22.
18
Calculate the remainder when 83 is divided by 21.
20
What is the remainder when 560 is divided by 141?
137
What is the remainder when 192 is divided by 15?
12
Calculate the remainder when 541 is divided by 47.
24
Calculate the remainder when 60 is divided by 24.
12
Calculate the remainder when 172 is divided by 57.
1
What is the remainder when 1580 is divided by 88?
84
Calculate the remainder when 119 is divided by 47.
25
What is the remainder when 590 is divided by 87?
68
What is the remainder when 84 is divided by 13?
6
What is the remainder when 7500 is divided by 31?
29
What is the remainder when 21 is divided by 12?
9
What is the remainder when 74 is divided by 9?
2
Calculate the remainder when 165 is divided by 46.
27
What is the remainder when 467 is divided by 207?
53
What is the remainder when 419 is divided by 9?
5
Calculate the remainder when 69 is divided by 56.
13
What is the remainder when 3521 is divided by 6?
5
What is the remainder when 348 is divided by 36?
24
Calculate the remainder when 281 is divided by 43.
23
Calculate the remainder when 2838 is divided by 284.
282
What is the remainder when 399 is divided by 50?
49
Calculate the remainder when 5699 is divided by 163.
157
Calculate the remainder when 169 is divided by 62.
45
Calculate the remainder when 75 is divided by 20.
15
Calculate the remainder when 245 is divided by 19.
17
What is the remainder when 223 is divided by 17?
2
What is the remainder when 10897 is divided by 50?
47
Calculate the remainder when 135 is divided by 45.
0
Calculate the remainder when 347 is divided by 109.
20
Calculate the remainder when 4411 is divided by 1102.
3
Calculate the remainder when 48 is divided by 4.
0
Calculate the remainder when 93 is divided by 20.
13
What is the remainder when 3176 is divided by 53?
49
Calculate the remainder when 12991 is divided by 71.
69
What is the remainder when 843 is divided by 94?
91
Calculate the remainder when 5599 is divided by 80.
79
Calculate the remainder when 1041 is divided by 87.
84
Calculate the remainder when 346 is divided by 89.
79
Calculate the remainder when 70 is divided by 3.
1
What is the remainder when 198 is divided by 69?
60
What is the remainder when 256 is divided by 10?
6
What is the remainder when 111 is divided by 106?
5
What is the remainder when 213 is divided by 184?
29
What is the remainder when 167 is divided by 5?
2
Calculate the remainder when 1143 is divided by 143.
142
Calculate the remainder when 607 is divided by 47.
43
Calculate the remainder when 472 is divided by 76.
16
What is the remainder when 1284 is divided by 39?
36
What is the remainder when 662 is divided by 9?
5
Calculate the remainder when 74 is divided by 15.
14
Calculate the remainder when 732 is divided by 351.
30
Calculate the remainder when 479 is divided by 15.
14
Calculate the remainder when 567 is divided by 41.
34
Calculate the remainder when 257 is divided by 90.
77
Calculate the remainder when 505 is divided by 23.
22
Calculate the remainder when 167 is divided by 14.
13
What is the remainder when 1416 is divided by 95?
86
Calculate the remainder when 49 is divided by 5.
4
What is the remainder when 403 is divided by 14?
11
What is the remainder when 5082 is divided by 221?
220
What is the remainder when 325 is divided by 83?
76
What is the remainder when 1386 is divided by 139?
135
What is the remainder when 2949 is divided by 164?
161
Calculate the remainder when 111 is divided by 33.
12
Calculate the remainder when 414 is divided by 8.
6
Calculate the remainder when 6340 is divided by 14.
12
Calculate the remainder when 285 is divided by 248.
37
Calculate the remainder when 10 is divided by 2.
0
What is the remainder when 480 is divided by 466?
14
What is the remainder when 12043 is divided by 317?
314
What is the remainder when 7 is divided by 7?
0
What is the remainder when 2998 is divided by 40?
38
What is the remainder when 1653 is divided by 32?
21
What is the remainder when 2050 is divided by 76?
74
Calculate the remainder when 934 is divided by 27.
16
Calculate the remainder when 1149 is divided by 9.
6
Calculate the remainder when 191 is divided by 47.
3
What is the remainder when 588 is divided by 71?
20
What is the remainder when 39447 is divided by 15?
12
What is the remainder when 119 is divided by 71?
48
What is the remainder when 15 is divided by 12?
3
Calculate the remainder when 5003 is divided by 13.
11
What is the remainder when 6406 is divided by 13?
10
What is the remainder when 75 is divided by 42?
33
Calculate the remainder when 260 is divided by 77.
29
Calculate the remainder when 230 is divided by 47.
42
What is the remainder when 192 is divided by 13?
10
What is the remainder when 651 is divided by 95?
81
Calculate the remainder when 92 is divided by 16.
12
What is the remainder when 74 is divided by 19?
17
What is the remainder when 772 is divided by 365?
42
What is the remainder when 134 is divided by 46?
42
Calculate the remainder when 1255 is divided by 311.
11
What is the remainder when 45 is divided by 36?
9
Calculate the remainder when 167 is divided 